{"id":653,"date":"2024-06-20T13:19:59","date_gmt":"2024-06-20T11:19:59","guid":{"rendered":"https:\/\/test3.mailmarket.fr\/?page_id=653"},"modified":"2024-06-28T18:16:50","modified_gmt":"2024-06-28T16:16:50","slug":"qui-sommes-nous-2","status":"publish","type":"page","link":"https:\/\/vosenjeuxetvous.fr\/index.php\/qui-sommes-nous-2\/","title":{"rendered":"Qui sommes-nous ?"},"content":{"rendered":"\t\t<div data-elementor-type=\"wp-page\" data-elementor-id=\"653\" class=\"elementor elementor-653\">\n\t\t\t\t<div class=\"elementor-element elementor-element-b7d4bbe e-flex e-con-boxed elementor-invisible e-con e-parent\" data-id=\"b7d4bbe\" data-element_type=\"container\" data-settings=\"{&quot;animation&quot;:&quot;fadeIn&quot;}\">\n\t\t\t\t\t<div class=\"e-con-inner\">\n\t\t<div class=\"elementor-element elementor-element-a91fb5e e-con-full elementor-hidden-mobile e-flex e-con e-child\" data-id=\"a91fb5e\" data-element_type=\"container\">\n\t\t\t\t<div class=\"elementor-element elementor-element-7931393 elementor-widget elementor-widget-image\" data-id=\"7931393\" data-element_type=\"widget\" data-widget_type=\"image.default\">\n\t\t\t\t<div class=\"elementor-widget-container\">\n\t\t\t<style>\/*! elementor - v3.21.0 - 26-05-2024 *\/\n.elementor-widget-image{text-align:center}.elementor-widget-image a{display:inline-block}.elementor-widget-image a img[src$=\".svg\"]{width:48px}.elementor-widget-image img{vertical-align:middle;display:inline-block}<\/style>\t\t\t\t\t\t\t\t\t\t<img fetchpriority=\"high\" decoding=\"async\" width=\"800\" height=\"625\" src=\"https:\/\/vosenjeuxetvous.fr\/wp-content\/uploads\/2024\/06\/paint@2x-2-texte-01-1024x800.png\" class=\"attachment-large size-large wp-image-2814\" alt=\"\" srcset=\"https:\/\/vosenjeuxetvous.fr\/wp-content\/uploads\/2024\/06\/paint@2x-2-texte-01-1024x800.png 1024w, https:\/\/vosenjeuxetvous.fr\/wp-content\/uploads\/2024\/06\/paint@2x-2-texte-01-300x234.png 300w, https:\/\/vosenjeuxetvous.fr\/wp-content\/uploads\/2024\/06\/paint@2x-2-texte-01-768x600.png 768w, https:\/\/vosenjeuxetvous.fr\/wp-content\/uploads\/2024\/06\/paint@2x-2-texte-01-1536x1201.png 1536w, https:\/\/vosenjeuxetvous.fr\/wp-content\/uploads\/2024\/06\/paint@2x-2-texte-01-2048x1601.png 2048w\" sizes=\"(max-width: 800px) 100vw, 800px\" \/>\t\t\t\t\t\t\t\t\t\t\t\t\t<\/div>\n\t\t\t\t<\/div>\n\t\t\t\t<\/div>\n\t\t<div class=\"elementor-element elementor-element-b5b1075 e-con-full e-flex e-con e-child\" data-id=\"b5b1075\" data-element_type=\"container\">\n\t\t\t\t<div class=\"elementor-element elementor-element-501ff33 elementor-widget elementor-widget-image\" data-id=\"501ff33\" data-element_type=\"widget\" data-widget_type=\"image.default\">\n\t\t\t\t<div class=\"elementor-widget-container\">\n\t\t\t\t\t\t\t\t\t\t\t\t\t<img decoding=\"async\" width=\"780\" height=\"283\" src=\"https:\/\/vosenjeuxetvous.fr\/wp-content\/uploads\/2024\/06\/LogoD-Codes.png\" class=\"attachment-large size-large wp-image-2660\" alt=\"\" srcset=\"https:\/\/vosenjeuxetvous.fr\/wp-content\/uploads\/2024\/06\/LogoD-Codes.png 780w, https:\/\/vosenjeuxetvous.fr\/wp-content\/uploads\/2024\/06\/LogoD-Codes-300x109.png 300w, https:\/\/vosenjeuxetvous.fr\/wp-content\/uploads\/2024\/06\/LogoD-Codes-768x279.png 768w\" sizes=\"(max-width: 780px) 100vw, 780px\" \/>\t\t\t\t\t\t\t\t\t\t\t\t\t<\/div>\n\t\t\t\t<\/div>\n\t\t\t\t<div class=\"elementor-element elementor-element-29ffc19 elementor-widget__width-initial elementor-widget elementor-widget-heading\" data-id=\"29ffc19\" data-element_type=\"widget\" data-widget_type=\"heading.default\">\n\t\t\t\t<div class=\"elementor-widget-container\">\n\t\t\t<style>\/*! elementor - v3.21.0 - 26-05-2024 *\/\n.elementor-heading-title{padding:0;margin:0;line-height:1}.elementor-widget-heading .elementor-heading-title[class*=elementor-size-]>a{color:inherit;font-size:inherit;line-height:inherit}.elementor-widget-heading .elementor-heading-title.elementor-size-small{font-size:15px}.elementor-widget-heading .elementor-heading-title.elementor-size-medium{font-size:19px}.elementor-widget-heading .elementor-heading-title.elementor-size-large{font-size:29px}.elementor-widget-heading .elementor-heading-title.elementor-size-xl{font-size:39px}.elementor-widget-heading .elementor-heading-title.elementor-size-xxl{font-size:59px}<\/style><h1 class=\"elementor-heading-title elementor-size-default\">L\u2019\u00e9clairage des opinions\n<\/h1>\t\t<\/div>\n\t\t\t\t<\/div>\n\t\t\t\t<div class=\"elementor-element elementor-element-d9b4fa5 elementor-widget__width-initial e-transform elementor-widget elementor-widget-heading\" data-id=\"d9b4fa5\" data-element_type=\"widget\" data-settings=\"{&quot;_transform_translateY_effect&quot;:{&quot;unit&quot;:&quot;px&quot;,&quot;size&quot;:-21,&quot;sizes&quot;:[]},&quot;_transform_translateX_effect&quot;:{&quot;unit&quot;:&quot;px&quot;,&quot;size&quot;:&quot;&quot;,&quot;sizes&quot;:[]},&quot;_transform_translateX_effect_widescreen&quot;:{&quot;unit&quot;:&quot;px&quot;,&quot;size&quot;:&quot;&quot;,&quot;sizes&quot;:[]},&quot;_transform_translateX_effect_tablet&quot;:{&quot;unit&quot;:&quot;px&quot;,&quot;size&quot;:&quot;&quot;,&quot;sizes&quot;:[]},&quot;_transform_translateX_effect_mobile&quot;:{&quot;unit&quot;:&quot;px&quot;,&quot;size&quot;:&quot;&quot;,&quot;sizes&quot;:[]},&quot;_transform_translateY_effect_widescreen&quot;:{&quot;unit&quot;:&quot;px&quot;,&quot;size&quot;:&quot;&quot;,&quot;sizes&quot;:[]},&quot;_transform_translateY_effect_tablet&quot;:{&quot;unit&quot;:&quot;px&quot;,&quot;size&quot;:&quot;&quot;,&quot;sizes&quot;:[]},&quot;_transform_translateY_effect_mobile&quot;:{&quot;unit&quot;:&quot;px&quot;,&quot;size&quot;:&quot;&quot;,&quot;sizes&quot;:[]}}\" data-widget_type=\"heading.default\">\n\t\t\t\t<div class=\"elementor-widget-container\">\n\t\t\t<h2 class=\"elementor-heading-title elementor-size-default\"> au b\u00e9n\u00e9fice de tou.te.s<\/h2>\t\t<\/div>\n\t\t\t\t<\/div>\n\t\t\t\t<div class=\"elementor-element elementor-element-ec65348 elementor-widget__width-initial elementor-widget elementor-widget-text-editor\" data-id=\"ec65348\" data-element_type=\"widget\" data-widget_type=\"text-editor.default\">\n\t\t\t\t<div class=\"elementor-widget-container\">\n\t\t\t<style>\/*! elementor - v3.21.0 - 26-05-2024 *\/\n.elementor-widget-text-editor.elementor-drop-cap-view-stacked .elementor-drop-cap{background-color:#69727d;color:#fff}.elementor-widget-text-editor.elementor-drop-cap-view-framed .elementor-drop-cap{color:#69727d;border:3px solid;background-color:transparent}.elementor-widget-text-editor:not(.elementor-drop-cap-view-default) .elementor-drop-cap{margin-top:8px}.elementor-widget-text-editor:not(.elementor-drop-cap-view-default) .elementor-drop-cap-letter{width:1em;height:1em}.elementor-widget-text-editor .elementor-drop-cap{float:left;text-align:center;line-height:1;font-size:50px}.elementor-widget-text-editor .elementor-drop-cap-letter{display:inline-block}<\/style>\t\t\t\t<p><span style=\"font-weight: 400;\">D-Codes inscrit au c\u0153ur de son ADN la connaissance de tous les publics.<\/span><span style=\"font-weight: 400;\"><br \/><\/span><span style=\"font-weight: 400;\">D-Codes se donne pour mission de recueillir, comprendre et \u00e9clairer les opinions, comportements, et engagements de toutes les composantes de la soci\u00e9t\u00e9 sans exclusive.<\/span><span style=\"font-weight: 400;\"><br \/><\/span><span style=\"font-weight: 400;\">D-Codes attache une importance fondamentale \u00e0 ce que l\u2019opinion de chacun.e puisse \u00eatre exprim\u00e9e et surtout entendue.<\/span><span style=\"font-weight: 400;\"><br \/><\/span><span style=\"font-weight: 400;\">D-Codes s\u2019attache \u00e0 relayer dans toute leur diversit\u00e9 et leur valeur les pens\u00e9es des Fran\u00e7ais.e.s, et \u0153uvre ainsi \u00e0 la consolidation d\u2019un d\u00e9bat d\u00e9mocratique riche, inventif, f\u00e9cond et b\u00e9n\u00e9fique \u00e0 l\u2019ensemble de la soci\u00e9t\u00e9.<\/span><span style=\"font-weight: 400;\"><br \/><\/span><span style=\"font-weight: 400;\">D-Codes, gr\u00e2ce \u00e0 la plate-forme Vos enjeux et vous, met \u00e0 votre disposition ses savoir-faire et cette philosophie pour aiguiller vos perspectives et aff\u00fbter votre jugement, alors que se profilent des \u00e9lections l\u00e9gislatives anticip\u00e9es d\u00e9terminantes pour notre futur.<\/span><\/p>\t\t\t\t\t\t<\/div>\n\t\t\t\t<\/div>\n\t\t\t\t<div class=\"elementor-element elementor-element-62a10d8 elementor-widget__width-initial elementor-widget elementor-widget-elementskit-button\" data-id=\"62a10d8\" data-element_type=\"widget\" data-widget_type=\"elementskit-button.default\">\n\t\t\t\t<div class=\"elementor-widget-container\">\n\t\t\t<div class=\"ekit-wid-con\" >\t\t<div class=\"ekit-btn-wraper\">\n\t\t\t\t\t\t\t<a href=\"#elementor-action%3Aaction%3Dpopup%3Aopen%26settings%3DeyJpZCI6IjEwMjciLCJ0b2dnbGUiOmZhbHNlfQ%3D%3D\" class=\"elementskit-btn  whitespace--normal\" id=\"\">\n\t\t\t\t\tJe m&#039;inscris \u00e0 la newsletter \t\t\t\t<\/a>\n\t\t\t\t\t<\/div>\n        <\/div>\t\t<\/div>\n\t\t\t\t<\/div>\n\t\t\t\t<\/div>\n\t\t\t\t\t<\/div>\n\t\t\t\t<\/div>\n\t\t<div class=\"elementor-element elementor-element-42778d2 elementor-hidden-widescreen elementor-hidden-desktop elementor-hidden-tablet e-flex e-con-boxed e-con e-parent\" data-id=\"42778d2\" data-element_type=\"container\">\n\t\t\t\t\t<div class=\"e-con-inner\">\n\t\t<div class=\"elementor-element elementor-element-f183b79 e-con-full e-flex e-con e-child\" data-id=\"f183b79\" data-element_type=\"container\">\n\t\t\t\t<div class=\"elementor-element elementor-element-1b54cf2 elementor-widget elementor-widget-image\" data-id=\"1b54cf2\" data-element_type=\"widget\" data-widget_type=\"image.default\">\n\t\t\t\t<div class=\"elementor-widget-container\">\n\t\t\t\t\t\t\t\t\t\t\t\t\t<img fetchpriority=\"high\" decoding=\"async\" width=\"800\" height=\"625\" src=\"https:\/\/vosenjeuxetvous.fr\/wp-content\/uploads\/2024\/06\/paint@2x-2-texte-01-1024x800.png\" class=\"attachment-large size-large wp-image-2814\" alt=\"\" srcset=\"https:\/\/vosenjeuxetvous.fr\/wp-content\/uploads\/2024\/06\/paint@2x-2-texte-01-1024x800.png 1024w, https:\/\/vosenjeuxetvous.fr\/wp-content\/uploads\/2024\/06\/paint@2x-2-texte-01-300x234.png 300w, https:\/\/vosenjeuxetvous.fr\/wp-content\/uploads\/2024\/06\/paint@2x-2-texte-01-768x600.png 768w, https:\/\/vosenjeuxetvous.fr\/wp-content\/uploads\/2024\/06\/paint@2x-2-texte-01-1536x1201.png 1536w, https:\/\/vosenjeuxetvous.fr\/wp-content\/uploads\/2024\/06\/paint@2x-2-texte-01-2048x1601.png 2048w\" sizes=\"(max-width: 800px) 100vw, 800px\" \/>\t\t\t\t\t\t\t\t\t\t\t\t\t<\/div>\n\t\t\t\t<\/div>\n\t\t\t\t<\/div>\n\t\t\t\t\t<\/div>\n\t\t\t\t<\/div>\n\t\t\t\t<\/div>\n\t\t","protected":false},"excerpt":{"rendered":"<p>L\u2019\u00e9clairage des opinions au b\u00e9n\u00e9fice de tou.te.s D-Codes inscrit au c\u0153ur de son ADN la connaissance de tous les publics.D-Codes se donne pour mission de recueillir, comprendre et \u00e9clairer les opinions, comportements, et engagements de toutes les composantes de la soci\u00e9t\u00e9 sans exclusive.D-Codes attache une importance fondamentale \u00e0 ce que l\u2019opinion de chacun.e puisse \u00eatre [&hellip;]<\/p>\n","protected":false},"author":1,"featured_media":0,"parent":0,"menu_order":0,"comment_status":"closed","ping_status":"closed","template":"","meta":{"_acf_changed":false,"footnotes":"","_links_to":"","_links_to_target":""},"class_list":["post-653","page","type-page","status-publish","hentry"],"acf":[],"yoast_head":"<!-- This site is optimized with the Yoast SEO plugin v22.9 - https:\/\/yoast.com\/wordpress\/plugins\/seo\/ -->\n<title>Qui sommes-nous ? | Vos enjeux et vous<\/title>\n<meta name=\"description\" content=\"D-Codes s\u2019attache \u00e0 relayer dans toute leur diversit\u00e9 et leur valeur les pens\u00e9es des Fran\u00e7ais.e.s, et \u0153uvre ainsi \u00e0 la consolidation d\u2019un d\u00e9bat d\u00e9mocratique riche, inventif, f\u00e9cond et b\u00e9n\u00e9fique \u00e0 l\u2019ensemble de la soci\u00e9t\u00e9.\" \/>\n<meta name=\"robots\" content=\"index, follow, max-snippet:-1, max-image-preview:large, max-video-preview:-1\" \/>\n<link rel=\"canonical\" href=\"https:\/\/vosenjeuxetvous.fr\/index.php\/qui-sommes-nous-2\/\" \/>\n<meta property=\"og:locale\" content=\"fr_FR\" \/>\n<meta property=\"og:type\" content=\"article\" \/>\n<meta property=\"og:title\" content=\"Qui sommes-nous ? | Vos enjeux et vous\" \/>\n<meta property=\"og:description\" content=\"D-Codes s\u2019attache \u00e0 relayer dans toute leur diversit\u00e9 et leur valeur les pens\u00e9es des Fran\u00e7ais.e.s, et \u0153uvre ainsi \u00e0 la consolidation d\u2019un d\u00e9bat d\u00e9mocratique riche, inventif, f\u00e9cond et b\u00e9n\u00e9fique \u00e0 l\u2019ensemble de la soci\u00e9t\u00e9.\" \/>\n<meta property=\"og:url\" content=\"https:\/\/vosenjeuxetvous.fr\/index.php\/qui-sommes-nous-2\/\" \/>\n<meta property=\"og:site_name\" content=\"Vos enjeux et vous\" \/>\n<meta property=\"article:modified_time\" content=\"2024-06-28T16:16:50+00:00\" \/>\n<meta property=\"og:image\" content=\"https:\/\/vosenjeuxetvous.fr\/wp-content\/uploads\/2024\/06\/paint@2x-2-texte-01-1024x800.png\" \/>\n<meta name=\"twitter:card\" content=\"summary_large_image\" \/>\n<meta name=\"twitter:label1\" content=\"Dur\u00e9e de lecture estim\u00e9e\" \/>\n\t<meta name=\"twitter:data1\" content=\"2 minutes\" \/>\n<script type=\"application\/ld+json\" class=\"yoast-schema-graph\">{\"@context\":\"https:\/\/schema.org\",\"@graph\":[{\"@type\":\"WebPage\",\"@id\":\"https:\/\/vosenjeuxetvous.fr\/index.php\/qui-sommes-nous-2\/\",\"url\":\"https:\/\/vosenjeuxetvous.fr\/index.php\/qui-sommes-nous-2\/\",\"name\":\"Qui sommes-nous ? | Vos enjeux et vous\",\"isPartOf\":{\"@id\":\"https:\/\/vosenjeuxetvous.fr\/#website\"},\"primaryImageOfPage\":{\"@id\":\"https:\/\/vosenjeuxetvous.fr\/index.php\/qui-sommes-nous-2\/#primaryimage\"},\"image\":{\"@id\":\"https:\/\/vosenjeuxetvous.fr\/index.php\/qui-sommes-nous-2\/#primaryimage\"},\"thumbnailUrl\":\"https:\/\/vosenjeuxetvous.fr\/wp-content\/uploads\/2024\/06\/paint@2x-2-texte-01-1024x800.png\",\"datePublished\":\"2024-06-20T11:19:59+00:00\",\"dateModified\":\"2024-06-28T16:16:50+00:00\",\"description\":\"D-Codes s\u2019attache \u00e0 relayer dans toute leur diversit\u00e9 et leur valeur les pens\u00e9es des Fran\u00e7ais.e.s, et \u0153uvre ainsi \u00e0 la consolidation d\u2019un d\u00e9bat d\u00e9mocratique riche, inventif, f\u00e9cond et b\u00e9n\u00e9fique \u00e0 l\u2019ensemble de la soci\u00e9t\u00e9.\",\"breadcrumb\":{\"@id\":\"https:\/\/vosenjeuxetvous.fr\/index.php\/qui-sommes-nous-2\/#breadcrumb\"},\"inLanguage\":\"fr-FR\",\"potentialAction\":[{\"@type\":\"ReadAction\",\"target\":[\"https:\/\/vosenjeuxetvous.fr\/index.php\/qui-sommes-nous-2\/\"]}]},{\"@type\":\"ImageObject\",\"inLanguage\":\"fr-FR\",\"@id\":\"https:\/\/vosenjeuxetvous.fr\/index.php\/qui-sommes-nous-2\/#primaryimage\",\"url\":\"https:\/\/vosenjeuxetvous.fr\/wp-content\/uploads\/2024\/06\/paint@2x-2-texte-01.png\",\"contentUrl\":\"https:\/\/vosenjeuxetvous.fr\/wp-content\/uploads\/2024\/06\/paint@2x-2-texte-01.png\",\"width\":8386,\"height\":6555},{\"@type\":\"BreadcrumbList\",\"@id\":\"https:\/\/vosenjeuxetvous.fr\/index.php\/qui-sommes-nous-2\/#breadcrumb\",\"itemListElement\":[{\"@type\":\"ListItem\",\"position\":1,\"name\":\"Accueil\",\"item\":\"https:\/\/vosenjeuxetvous.fr\/\"},{\"@type\":\"ListItem\",\"position\":2,\"name\":\"Qui sommes-nous ?\"}]},{\"@type\":\"WebSite\",\"@id\":\"https:\/\/vosenjeuxetvous.fr\/#website\",\"url\":\"https:\/\/vosenjeuxetvous.fr\/\",\"name\":\"Vos enjeux et vous\",\"description\":\"Plateforme de suivi et d\u2019analyse des l\u00e9gislatives 2024\",\"publisher\":{\"@id\":\"https:\/\/vosenjeuxetvous.fr\/#organization\"},\"alternateName\":\"Vos enjeux et vous\",\"potentialAction\":[{\"@type\":\"SearchAction\",\"target\":{\"@type\":\"EntryPoint\",\"urlTemplate\":\"https:\/\/vosenjeuxetvous.fr\/?s={search_term_string}\"},\"query-input\":\"required name=search_term_string\"}],\"inLanguage\":\"fr-FR\"},{\"@type\":\"Organization\",\"@id\":\"https:\/\/vosenjeuxetvous.fr\/#organization\",\"name\":\"Vos enjeux et vous\",\"url\":\"https:\/\/vosenjeuxetvous.fr\/\",\"logo\":{\"@type\":\"ImageObject\",\"inLanguage\":\"fr-FR\",\"@id\":\"https:\/\/vosenjeuxetvous.fr\/#\/schema\/logo\/image\/\",\"url\":\"https:\/\/vosenjeuxetvous.fr\/wp-content\/uploads\/2024\/06\/00.D-Codes_VosEjeuxEtVous_Logo.png\",\"contentUrl\":\"https:\/\/vosenjeuxetvous.fr\/wp-content\/uploads\/2024\/06\/00.D-Codes_VosEjeuxEtVous_Logo.png\",\"width\":1597,\"height\":274,\"caption\":\"Vos enjeux et vous\"},\"image\":{\"@id\":\"https:\/\/vosenjeuxetvous.fr\/#\/schema\/logo\/image\/\"}}]}<\/script>\n<!-- \/ Yoast SEO plugin. -->","yoast_head_json":{"title":"Qui sommes-nous ? | Vos enjeux et vous","description":"D-Codes s\u2019attache \u00e0 relayer dans toute leur diversit\u00e9 et leur valeur les pens\u00e9es des Fran\u00e7ais.e.s, et \u0153uvre ainsi \u00e0 la consolidation d\u2019un d\u00e9bat d\u00e9mocratique riche, inventif, f\u00e9cond et b\u00e9n\u00e9fique \u00e0 l\u2019ensemble de la soci\u00e9t\u00e9.","robots":{"index":"index","follow":"follow","max-snippet":"max-snippet:-1","max-image-preview":"max-image-preview:large","max-video-preview":"max-video-preview:-1"},"canonical":"https:\/\/vosenjeuxetvous.fr\/index.php\/qui-sommes-nous-2\/","og_locale":"fr_FR","og_type":"article","og_title":"Qui sommes-nous ? | Vos enjeux et vous","og_description":"D-Codes s\u2019attache \u00e0 relayer dans toute leur diversit\u00e9 et leur valeur les pens\u00e9es des Fran\u00e7ais.e.s, et \u0153uvre ainsi \u00e0 la consolidation d\u2019un d\u00e9bat d\u00e9mocratique riche, inventif, f\u00e9cond et b\u00e9n\u00e9fique \u00e0 l\u2019ensemble de la soci\u00e9t\u00e9.","og_url":"https:\/\/vosenjeuxetvous.fr\/index.php\/qui-sommes-nous-2\/","og_site_name":"Vos enjeux et vous","article_modified_time":"2024-06-28T16:16:50+00:00","og_image":[{"url":"https:\/\/vosenjeuxetvous.fr\/wp-content\/uploads\/2024\/06\/paint@2x-2-texte-01-1024x800.png"}],"twitter_card":"summary_large_image","twitter_misc":{"Dur\u00e9e de lecture estim\u00e9e":"2 minutes"},"schema":{"@context":"https:\/\/schema.org","@graph":[{"@type":"WebPage","@id":"https:\/\/vosenjeuxetvous.fr\/index.php\/qui-sommes-nous-2\/","url":"https:\/\/vosenjeuxetvous.fr\/index.php\/qui-sommes-nous-2\/","name":"Qui sommes-nous ? | Vos enjeux et vous","isPartOf":{"@id":"https:\/\/vosenjeuxetvous.fr\/#website"},"primaryImageOfPage":{"@id":"https:\/\/vosenjeuxetvous.fr\/index.php\/qui-sommes-nous-2\/#primaryimage"},"image":{"@id":"https:\/\/vosenjeuxetvous.fr\/index.php\/qui-sommes-nous-2\/#primaryimage"},"thumbnailUrl":"https:\/\/vosenjeuxetvous.fr\/wp-content\/uploads\/2024\/06\/paint@2x-2-texte-01-1024x800.png","datePublished":"2024-06-20T11:19:59+00:00","dateModified":"2024-06-28T16:16:50+00:00","description":"D-Codes s\u2019attache \u00e0 relayer dans toute leur diversit\u00e9 et leur valeur les pens\u00e9es des Fran\u00e7ais.e.s, et \u0153uvre ainsi \u00e0 la consolidation d\u2019un d\u00e9bat d\u00e9mocratique riche, inventif, f\u00e9cond et b\u00e9n\u00e9fique \u00e0 l\u2019ensemble de la soci\u00e9t\u00e9.","breadcrumb":{"@id":"https:\/\/vosenjeuxetvous.fr\/index.php\/qui-sommes-nous-2\/#breadcrumb"},"inLanguage":"fr-FR","potentialAction":[{"@type":"ReadAction","target":["https:\/\/vosenjeuxetvous.fr\/index.php\/qui-sommes-nous-2\/"]}]},{"@type":"ImageObject","inLanguage":"fr-FR","@id":"https:\/\/vosenjeuxetvous.fr\/index.php\/qui-sommes-nous-2\/#primaryimage","url":"https:\/\/vosenjeuxetvous.fr\/wp-content\/uploads\/2024\/06\/paint@2x-2-texte-01.png","contentUrl":"https:\/\/vosenjeuxetvous.fr\/wp-content\/uploads\/2024\/06\/paint@2x-2-texte-01.png","width":8386,"height":6555},{"@type":"BreadcrumbList","@id":"https:\/\/vosenjeuxetvous.fr\/index.php\/qui-sommes-nous-2\/#breadcrumb","itemListElement":[{"@type":"ListItem","position":1,"name":"Accueil","item":"https:\/\/vosenjeuxetvous.fr\/"},{"@type":"ListItem","position":2,"name":"Qui sommes-nous ?"}]},{"@type":"WebSite","@id":"https:\/\/vosenjeuxetvous.fr\/#website","url":"https:\/\/vosenjeuxetvous.fr\/","name":"Vos enjeux et vous","description":"Plateforme de suivi et d\u2019analyse des l\u00e9gislatives 2024","publisher":{"@id":"https:\/\/vosenjeuxetvous.fr\/#organization"},"alternateName":"Vos enjeux et vous","potentialAction":[{"@type":"SearchAction","target":{"@type":"EntryPoint","urlTemplate":"https:\/\/vosenjeuxetvous.fr\/?s={search_term_string}"},"query-input":"required name=search_term_string"}],"inLanguage":"fr-FR"},{"@type":"Organization","@id":"https:\/\/vosenjeuxetvous.fr\/#organization","name":"Vos enjeux et vous","url":"https:\/\/vosenjeuxetvous.fr\/","logo":{"@type":"ImageObject","inLanguage":"fr-FR","@id":"https:\/\/vosenjeuxetvous.fr\/#\/schema\/logo\/image\/","url":"https:\/\/vosenjeuxetvous.fr\/wp-content\/uploads\/2024\/06\/00.D-Codes_VosEjeuxEtVous_Logo.png","contentUrl":"https:\/\/vosenjeuxetvous.fr\/wp-content\/uploads\/2024\/06\/00.D-Codes_VosEjeuxEtVous_Logo.png","width":1597,"height":274,"caption":"Vos enjeux et vous"},"image":{"@id":"https:\/\/vosenjeuxetvous.fr\/#\/schema\/logo\/image\/"}}]}},"_links":{"self":[{"href":"https:\/\/vosenjeuxetvous.fr\/index.php\/wp-json\/wp\/v2\/pages\/653","targetHints":{"allow":["GET"]}}],"collection":[{"href":"https:\/\/vosenjeuxetvous.fr\/index.php\/wp-json\/wp\/v2\/pages"}],"about":[{"href":"https:\/\/vosenjeuxetvous.fr\/index.php\/wp-json\/wp\/v2\/types\/page"}],"author":[{"embeddable":true,"href":"https:\/\/vosenjeuxetvous.fr\/index.php\/wp-json\/wp\/v2\/users\/1"}],"replies":[{"embeddable":true,"href":"https:\/\/vosenjeuxetvous.fr\/index.php\/wp-json\/wp\/v2\/comments?post=653"}],"version-history":[{"count":131,"href":"https:\/\/vosenjeuxetvous.fr\/index.php\/wp-json\/wp\/v2\/pages\/653\/revisions"}],"predecessor-version":[{"id":3298,"href":"https:\/\/vosenjeuxetvous.fr\/index.php\/wp-json\/wp\/v2\/pages\/653\/revisions\/3298"}],"wp:attachment":[{"href":"https:\/\/vosenjeuxetvous.fr\/index.php\/wp-json\/wp\/v2\/media?parent=653"}],"curies":[{"name":"wp","href":"https:\/\/api.w.org\/{rel}","templated":true}]}}